 - -2) + 0
5
4 + (15 - (5 - -6)) + -6
2
What is 4 - ((-26 - -14) + 7)?
9
What is -6 + (-8 - (-8 - (-11 + 9 + -23)))?
-31
Evaluate 1 + 8 + 1 + 50 + -76 + 24.
8
Calculate -110 + 122 + 0 + 6.
18
What is the value of 33 + (-21 - (3 + -12 + 8 - 10))?
23
192 + -200 - (3 + -2 + 6)
-15
What is the value of (0 + 1 - 1) + (-2 - -8) + 1?
7
Evaluate (5 - 3 - 18) + -2 + -3 + 3.
-18
What is 9 - 2 - (-2 + -13)?
22
What is 1 - 9 - (48 + (23 - 51))?
-28
What is the value of 16 - (-1 + -5 + -4 + (-3 - -19))?
10
What is 13 + -12 - -4 - (9 - 3)?
-1
What is 7 + 0 + 18 + (16 - 46)?
-5
(-711 - -720) + (-2 + 0 + 1 - 1)
7
Calculate 12 + (-5 + 7 - 9).
5
What is the value of 3 + 16 + -23 + -3?
-7
What is 4 + (-4 - 12) + -13?
-25
-20 - (6 - (-1 - -4 - -5 - -5))
-13
What is the value of 335 + -337 + (-1 - ((-28 - 2) + 3))?
24
What is the value of 0 - (13 - 2) - -4 - (-21 + 14)?
0
Calculate (13 - 6) + -6 + -14.
-13
Calculate 15 - (-5 - (-10 - -5)).
15
Evaluate 88 + -102 - (3 - 17).
0
What is 7 - (-8 + 9 + -7)?
13
What is the value of -18 + 2 + -1 - (42 + -50)?
-9
12 + -1 + -16 + 4
-1
What is the value of 28 + 8 + -36 - 2?
-2
Calculate -20 - 0 - (219 + -233).
-6
Calculate (-1 - 2) + (13 + -8 - 9) + 21.
14
(10 - (29 - -8 - 2)) + 9
-16
(0 + 0 - (1 + -16 + 19)) + 9
5
What is 1 + (1 - (16 + -46 - -4))?
28
What is 5 + 36 + (-2 - (11 - -1))?
27
What is the value of 0 + 0 - -9 - (39 + (8 - 42))?
4
-7 - (-3 + (-2 - -3)) - (-13 + -4)
12
Evaluate (3 + 2 - -11) + -3.
13
What is (240 - 238) + (-1 - -6)?
7
What is the value of 4 + 7 + 6 + 9?
26
What is the value of -7 - (3 + -7 + 8 + 0 - 9)?
-2
What is -12 + 5 + -2 + (7 - 0) + -12?
-14
Evaluate (24 - (21 - 6)) + -10.
-1
Evaluate (6 - 1) + 17 + -11.
11
Evaluate 46 + -42 + (4 - (-4 - -9) - 6).
-3
What is the value of 7 - (-4 - -30) - -4?
-15
Calculate -17 - (2 + (-20 - -5)).
-4
What is the value of 10 + -18 + 13 + 1 + -11?
-5
Evaluate -9 + -3 + (0 - -9).
-3
Calculate -19 + 3 - (-9 + -7).
0
What is the value of -2 - (8 + -2 + (12 - 13))?
-7
(6 - 5) + -6 + 11
6
What is the value of (-15 - -20) + -4 + -10 + 1?
-8
Calculate (13 - 11) + (-2 - (-2 - -7)) + 8.
3
Evaluate 7 - (-56 + 37 - -49).
-23
Evaluate -5 - (-10 + (11 - -1) + 5).
-12
Calculate -17 - (-3 - -8 - 13).
-9
What is the value of -1 + -4 + 1 - (4 - (3 + -9))?
-14
Evaluate 8 + -11 + 22 + -28.
-9
What is the value of -6 - (-28 + 19 + -8 + -6)?
17
10 + -2 + (-10 - 10) + 5
-7
What is the value of (8 - 12 - -8) + (-24 - (-7 + 2))?
-15
What is 27 - -7 - 5 - 14 - 8?
7
(27 - (-37 - -65)) + 11
10
(15 - 0) + (101 - 65) + -36
15
23 - (42 - (31 - 6))
6
3 - (3 + 36 - 9)
-27
Evaluate (18 - 6) + (11 - (4 + 29)) + 13.
3
What is the value of -4 + (0 + -1 - (24 - 17))?
-12
(1 - -6) + (7 - (20 + -8))
2
Calculate -2 + -3 - ((1 - -2) + -18).
10
-26 - ((12 - 14) + -15 + 12)
-21
(-23 - -3) + 120 + -94
6
What is 0 - -2 - (-5 - ((27 - 3) + -13))?
18
What is the value of (-8 - 8 - -14) + 10?
8
What is -9 - (4 - (-8 - (-10 + 13)))?
-24
Calculate -14 + 12 + (-2 - (2 + -1)) + 0.
-5
What is the value of -18 - ((-25 - (-7 + -5)) + 0)?
-5
Calculate 11 - (33 + -41) - -21.
40
Evaluate 7 - (11 - (15 - 18)).
-7
What is -10 + 28 + -15 + (31 - 1)?
33
20 - 7 - (2 + 19)
-8
What is (24 - 29) + (7 - 3) + 8?
7
Evaluate -10 + 56 + -56 + (5 - 0).
-5
Evaluate 16 - (4 + 17) - 15.
-20
What is the value of -1 + -8 + 2 + 40 + -35 + 7?
5
Evaluate 1 - 18 - (423 + -406).
-34
Calculate 9 + -5 + 26 - (6 - (-11 - -14)).
27
What is the value of (34 - 33) + 8 + 4 + -27?
-14
10 + 7 + 1 + -13
5
-1198 + 1208 + 1 + 13
24
Calculate 14 - ((-2 - 3) + (-4 - 4 - -9)).
18
2 - 15 - (3 + -8)
-8
What is the value of (-53 - -41) + (2 - (1 + 0))?
-11
31 + (-5 - 29) - (1 + -16)
12
What is (-25 - 9) + 38 - 20?
-16
Evaluate 0 + (0 - (-2 + 1)) + (-289 - -282).
-6
Evaluate (8 - 1) + -31 + (25 - 8).
-7
Calculate (74 - 9) + -48 + (-1 - 21).
-5
What is -2 - -27 - ((-10 - (5 + -10)) + 5)?
25
What is the value of -1 + 6 + (-18 - 35) + 33?
-15
What is the value of 25 - (6 + (-11 - -12)) - 10?
8
-5 + (-30 - -15) + (-2 - -7)
-15
What is the value of -14 + 13 + -9 + 12 + -9?
-7
Calculate 3 - ((0 - (3 + -1)) + 13).
-8
Evaluate (2 - 9) + (-10 + 10 - 2).
-9
What is the value of (19 - 13) + (-13 - (-4 - -5) - 2)?
-10
Evaluate (6 + -6 - -9) + 10 - (-1 - -7).
13
-33 + 3 + -2 - (3736 - 3746)
-22
What is the value of 10 - (-18 + (10 - (7 - -9))) - 10?
24
Calculate -4 + -7 + (2 - -12) + -9 + 19.
13
14 + -17 + (5 - 0 - -1) + 18
21
(-5 - 16) + 30 + -10
-1
Evaluate -5 + (-3 - -13) + -11 + 7.
1
Calculate 3 - 21 - (-47 + 20).
9
What is the value of 10 + -13 + 7 - 6?
-2
Evaluate -6 + 3 + (12 - (10 + -4)) + 1.
4
(2 - 2 - 10) + (0 - 1 - 23)
-34
Evaluate -9 + 1 - (39 + -29 - 2).
-16
What is the value of 0 + 2 - -6 - (-17 + 40 - 14)?
-1
-3 - -3 - 2 - 11
-13
Evaluate (506 - 474) + (-21 - -1).
12
Calculate -1 + -16 + 21 + -29.
-25
What is 0 + -3 + 2 + (9 - 10 - 5)?
-7
Calculate 30 - (15 + (-5 - -7)).
13
Evaluate (17 + 6 - 6 - 11) + 0 + -47.
-41
-8 - 8 - -25 - 14
-5
What is (-6 - -4 - 1 - -3 - 10) + 1?
-9
Evaluate 19 - 16 - ((-7 - -7) + 11).
-8
Calculate (20 + 5 - 17) + -22.
-14
-33 - -27 - (-8 + 1)
1
What is -32 + -22 + 58 - (0 - -11)?
-7
Evaluate -9 - (6 + (-12 - 6) - -11).
-8
What is the value of (10 - (-5 - -21)) + (2 - -1)?
-3
Calculate -1 + -1 + 16 + -9 + 5.
10
Evaluate -67 + 53 - (-26 - 2).
14
What is the value of 24 + -3 + -138 + 116?
-1
Evaluate 4 - 5 - 3 - (14 - (14 - 14)).
-18
What is (8 - 0 - (-184 + 195)) + -7?
-10
What is -1 + 8 - (21 - 21)?
7
16 + 0 - (19 + 2 + -13)
8
What is the value of -2 + (2 - -3) + (-14 - -15) + 3?
7
What is the value of 4 + (15 - 15 - 4)?
0
What is -189 + 213 + (-1 - 17)?
6
Calculate 4 - ((-1 - -4) + -93 + 85 - 17).
26
Calculate -5 + (-1 - (15 - (2 + 13))).
-6
Evaluate 4 - ((-3 - -9) + 1) - (-8 + 0).
5
What is the value of (26 - (3 - 5)) + -9 + 14 + -7?
26
What is 0 + (8 + 1 - (-1 + -1))?
11
Calculate 8 - (-4 + 7) - 9.
-4
Evaluate 3 + -7 + 3 - (-182 - -161).
20
What is 3 + -24 + -2 + -2 + 15 - -31?
21
What is 7 + 8 + -12 + -12?
-9
What is (-11 - -24) + 0 - 9?
4
What is the value of 4 - 9 - (-15 - -12)?
-2
49 + -42 + 11 + (-2 - 1)
15
Calculate (-11 - (-2 - 9)) + 10 + -3 + 11.
18
What is (-32 - -12) + 13 - (5 + 2)?
-14
-11 + 3 + -5 + (-20 + -7 - -37)
-3
What is -13 + -20 + -6 + 18?
-21
Calculate -14 - ((4 - (11 + -2)) + 3).
-12
What is 1 + -20 + (-23 - -32)?
-10
What is (18 + -13 - 12) + 20 + -5 - -14?
22
Evaluate (1 - (-9 - 0)) + 56 + -67 + 2.
1
What is the value of 12 + -25 - (15 - 36)?
8
Calculate 15 + 29 + -63 - -9.
-10
Calculate 0 + (9 - -10 - 14).
5
Evaluate (-22 + 7 - -14) + -4 + (3 - 1).
-3
Evaluate -1 - ((2 - -3 - (-4 - -2)) + -7).
-1
Calculate -24 + 6 + 6 - (-2 - 9).
-1
-103 - -86 - (-3 + 3 - 7)
-10
What is the value of 10 - (4 - (1 - (18 + -7) - -4))?
0
0 + 6 + 38 + -83 + 49
10
What is the value of 83 + -78 - (-2 + 4 + -3)?
6
Calculate -434 + 445 + 3 + 1 + -2.
13
What is the value of 1 + -3 - (9 + -9) - (-2 - 12)?
12
-13 + -9 + 10 + 3
-9
Calculate 5 - (-9 - 2 - (0 + (18 - 15))).
19
What is the value of (-1 + -1 - -7) + 4 - (-2 - -2)?
9
(31 - 38) + 6 + -3 + 2 + -1
-3
What is (-8 - (-4 - 1)) + -9 + 26?
14
What is the value of -12 - (16 + -19 + -5)?
-4
2 + 5 + 3 + -10 - -16
16
What is the value of 0 + -4 + (1 + 30 - (256 + -254))?
25
What is the value of (-16 - -18 - 11) + (-8 - -1)?
-16
Calculate 14 + (-2 + -3 - -3).
12
(1 - (2 + 4 - -4)) + 2
-7
Evaluate 18 + 12 + (-11 - 16 - -7).
10
Evaluate -10 - (-3 + 4 + -23).
12
Calculate 4 - ((8 - 10) + 5 - -12).
-11
Calculate -3 + 7 + (-1 - 1 - -2 - 7).
-3
Evaluate -124 + 133 + (6 - 4) + -18.
-7
Evaluate (-10 - -2) + 21 + -23 + 0.
-10
What is the value of (16 - 1) + (-7 - 1) + -5?
2
41 + -23 + 13 - 33
-2
Calculate (1 - -2) + (-33 - -40).
10
Evaluate -1 + -11 - (14 + (35 - 48)).
-13
(11 - 20 - -10) + -5 + 11
7
What is the value of (4 + -20 - -8) + (-1 - 4)?
-13
Evaluate -147 - -149 - (0 + 0 + 0 + 24).
-22
Evaluate -2 - (24 + -12 - 20).
6
30 + -19 + -2 + 9
18
What is (-44 - -52) + 3 + (4 - 10) - -27?
32
What is -2 + -1 + (66 - 57 - (-5 + 0))?
11
What is 11 + 10 - 25 - -10?
6
What is (91 - 106) + (-2 - -2 - (11 + -9))?
-17
What is the value of -2 + 6 + -25 + 1 + 15?
-5
What is the value of 16 + (6 - (8 + -13))?
27
What is -54 - (-30 + 6 + -4)?
-26
-7 - 3 - (-1 - (0 + 0)) - 14
-23
What is 17 - (-10 - -18